of 10 and 129205070?
10
Calculate the highest common divisor of 1856 and 50477168.
464
Calculate the highest common divisor of 88 and 32215810.
22
What is the greatest common divisor of 6773328 and 336?
48
What is the highest common divisor of 96376 and 17192?
56
Calculate the greatest common factor of 14 and 1614718.
14
Calculate the highest common divisor of 1736 and 548632.
56
Calculate the greatest common factor of 5194 and 81578819.
371
What is the greatest common factor of 1591272 and 3072?
24
Calculate the greatest common factor of 55 and 74635.
55
Calculate the highest common factor of 65888 and 899.
29
Calculate the highest common factor of 792 and 187753500.
396
Calculate the highest common factor of 1822710 and 4530.
30
What is the highest common divisor of 23656 and 98595251?
2957
What is the highest common factor of 1480 and 2437190?
370
Calculate the greatest common divisor of 266434675 and 25.
25
What is the greatest common divisor of 84 and 9765708?
12
What is the greatest common divisor of 8883 and 4097052792?
8883
What is the highest common factor of 880 and 4155440?
80
Calculate the highest common divisor of 1974748 and 60583.
1289
Calculate the greatest common factor of 144400 and 53515400.
3800
Calculate the greatest common factor of 7570695 and 126225.
2805
What is the highest common factor of 13168 and 87238?
1646
Calculate the greatest common factor of 52514 and 7719.
31
Calculate the highest common factor of 3747 and 57045577.
1249
What is the highest common factor of 10983312 and 234?
18
What is the greatest common factor of 13883991 and 1826?
913
Calculate the greatest common factor of 87990 and 8054018.
5866
Calculate the highest common factor of 267484 and 60844.
1148
Calculate the greatest common factor of 25731 and 13485903.
2859
Calculate the highest common divisor of 1014255 and 29781.
27
Calculate the greatest common divisor of 528150 and 6450.
150
What is the greatest common factor of 937880 and 94040?
40
Calculate the highest common factor of 7383 and 1077.
3
What is the greatest common factor of 130276906 and 6958?
142
What is the greatest common divisor of 292800 and 66698925?
4575
What is the highest common factor of 1835665 and 8515?
65
Calculate the greatest common factor of 125469616 and 5776.
304
Calculate the greatest common factor of 6 and 9163365.
3
Calculate the highest common divisor of 5529799 and 3091.
3091
Calculate the greatest common divisor of 303 and 950346.
3
What is the highest common factor of 26156 and 37891996?
2012
Calculate the greatest common divisor of 1574 and 66043466.
1574
Calculate the greatest common factor of 60208212 and 636.
636
What is the highest common divisor of 39 and 1461552?
3
What is the highest common divisor of 7809424 and 4172?
28
What is the greatest common divisor of 57447 and 21411?
117
What is the greatest common factor of 3492 and 24840?
36
What is the greatest common divisor of 405588 and 31536?
876
What is the greatest common divisor of 8981830 and 190?
10
What is the highest common divisor of 98992 and 25492592?
4304
Calculate the highest common divisor of 29983968 and 2568.
2568
Calculate the greatest common factor of 1439159 and 57763.
1229
Calculate the greatest common factor of 36592 and 15632.
16
What is the greatest common factor of 29696 and 594848?
928
What is the greatest common factor of 20 and 304181530?
10
What is the highest common divisor of 13926 and 100647?
633
What is the greatest common factor of 4649596 and 308?
28
What is the highest common divisor of 30787872 and 696?
24
Calculate the greatest common factor of 45206 and 18479567.
3229
Calculate the highest common factor of 576 and 131896.
8
What is the greatest common factor of 216 and 96099480?
216
What is the highest common divisor of 1062492 and 126281?
37
Calculate the highest common factor of 15472 and 14971094.
1934
What is the greatest common divisor of 91380 and 108480?
60
What is the highest common divisor of 1042966112 and 2?
2
What is the greatest common divisor of 3255 and 3407649?
21
What is the highest common divisor of 852 and 24586732?
284
What is the greatest common factor of 19688544 and 1344?
96
Calculate the greatest common factor of 189602 and 350.
14
Calculate the greatest common factor of 1692604915 and 3655.
3655
Calculate the highest common factor of 259584005 and 10.
5
What is the greatest common divisor of 56078 and 506?
22
Calculate the highest common factor of 5 and 854467.
1
Calculate the greatest common divisor of 1132253306 and 590.
118
What is the highest common divisor of 2266019252 and 2212?
2212
What is the greatest common divisor of 39586347 and 5427?
1809
Calculate the highest common divisor of 24820216 and 8328.
2776
Calculate the highest common factor of 23015098 and 604786.
6646
What is the highest common factor of 29 and 5668728687?
29
What is the greatest common divisor of 1738971 and 200161?
1157
Calculate the highest common factor of 490000 and 551040.
560
What is the highest common factor of 174 and 13524614?
58
Calculate the highest common divisor of 273703 and 1789817.
1433
What is the greatest common divisor of 91853941 and 554149?
14977
Calculate the highest common factor of 451 and 183594433.
451
What is the highest common factor of 1958 and 28535536?
178
Calculate the highest common divisor of 207205 and 1218937.
1429
Calculate the greatest common factor of 780 and 104989105.
65
Calculate the highest common factor of 1764 and 82447596.
1764
What is the greatest common divisor of 15614 and 7607605?
211
Calculate the greatest common divisor of 464 and 94323486.
58
What is the highest common factor of 35971205 and 19055?
515
Calculate the greatest common factor of 36805 and 44551370.
2165
What is the highest common factor of 242441528 and 3731?
287
Calculate the greatest common divisor of 48622910 and 19740.
3290
Calculate the greatest common factor of 2149575 and 435.
15
What is the highest common divisor of 582 and 17757693?
291
What is the greatest common divisor of 342491 and 17271?
101
Calculate the greatest common factor of 1880 and 186969290.
470
What is the greatest common divisor of 109 and 19633?
1
What is the greatest common factor of 86675 and 53?
1
What is the highest common factor of 404355270 and 1980?
330
Calculate the highest common divisor of 9827181 and 21.
21
What is the highest common divisor of 751332078 and 756?
378
Calculate the greatest common factor of 2056248 and 342.
18
What is the highest common divisor of 400500 and 1455750?
2250
What is the greatest common divisor of 122135 and 1833?
13
What is the greatest common divisor of 73132 and 144572?
188
What is the highest common divisor of 10278540 and 40?
20
What is the greatest common factor of 2868 and 36179342?
478
Calculate the highest common divisor of 53554651 and 43.
43
What is the highest common factor of 146625 and 31958385?
5865
Calculate the greatest common factor of 8112 and 28.
4
What is the highest common divisor of 19126410 and 1110?
1110
What is the greatest common factor of 59064 and 170344?
856
Calculate the greatest common divisor of 625 and 6881375.
125
Calculate the highest common divisor of 178200 and 17135800.
2200
What is the greatest common factor of 819 and 9059883?
21
What is the greatest common divisor of 26823472 and 832?
208
What is the greatest common factor of 12193860 and 238?
14
Calculate the highest common divisor of 875252 and 13664.
28
Calculate the greatest common factor of 15664 and 30178654.
1958
Calculate the greatest common factor of 4539773 and 15890.
1589
What is the highest common divisor of 1566861 and 3979?
173
What is the highest common factor of 39 and 6357538668?
39
What is the highest common factor of 27264 and 57984?
384
What is the highest common factor of 1363670 and 4352474?
2254
Calculate the highest common factor of 154 and 4927510.
14
What is the highest common divisor of 918 and 6063186?
102
Calculate the highest common divisor of 10086 and 24201234.
246
What is the greatest common divisor of 8597877 and 119439?
1731
What is the greatest common factor of 172998961 and 101?
101
Calculate the highest common divisor of 92 and 2235439.
23
What is the highest common divisor of 63 and 1284577?
7
Calcula